d by 25.
20
Let b = -25 - -23. Calculate the remainder when ((-2)/4)/(b/168) is divided by 9.
6
Suppose 137 = 11*i - 171. What is the remainder when 134 is divided by i?
22
What is the remainder when 271 is divided by 618/20 - 7*11/(-770)?
23
Suppose 6*a - 5*a + 3*o = 141, 4*a + 2*o - 554 = 0. Calculate the remainder when a is divided by 20.
18
Let c = -20 + 15. Let h = 19 + c. What is the remainder when h is divided by 5?
4
What is the remainder when ((-16)/56)/((-740)/(-371) - 2) is divided by 44?
9
Suppose -5*a - 13 = 3*b - 4*b, 2*b + 2*a - 14 = 0. Let z = 32 - b. What is the remainder when z is divided by 7?
3
Let m(q) = 71*q - 196. What is the remainder when 559 is divided by m(3)?
15
Let l(m) = -8*m - 27. Let v(p) = -p**3 - p**2 - p - 7. Let d be v(0). Calculate the remainder when l(d) is divided by 16.
13
Let q(j) = j**3 - 16*j**2 + 15*j + 21. Let y = 239 - 363. Let x = -87 - y. Calculate the remainder when x is divided by q(15).
16
Suppose 0 = 4*p + 2*y - 542, -138 = -25*p + 24*p + 2*y. Calculate the remainder when p is divided by 72.
64
Suppose 0 = 10*a + 3869 - 4289. Calculate the remainder when 247 is divided by a.
37
Suppose 15*p + 350 = 20*p. Suppose q + g = p, -3*q + 4*g + 47 = -156. What is the remainder when q is divided by 24?
21
Calculate the remainder when (-4)/1 + (-6 + 141 - -1) is divided by 7.
6
Suppose -3*j + 10 = 4. Suppose 3*m = 3*t + 2*m - 22, 32 = j*t - 5*m. What is the remainder when t is divided by 5?
1
Suppose 0 = -3*a - 2*a - 3*y + 40, -5*a + 3*y = -10. Let f(i) = -20*i**2 + i + 1. Let x be f(-1). What is the remainder when (1 + -2)*(x - -1) is divided by a?
4
Let f = 16 - 16. Suppose -3*x = -3*c + 36, -c + 0 = -2*x - 11. What is the remainder when c is divided by (-12 + f)*(-4)/6?
5
Suppose 4*v + 5*f - 18 = 31, -4*f = -3*v - 2. Let t be 8/(-48) - (-247)/v. Let x = t - -8. Calculate the remainder when x is divided by 10.
9
Suppose -5*l - 11 = -2*n + 11, 5*l + 2*n + 38 = 0. Calculate the remainder when 30 is divided by 4 + -1 - (1 + l).
6
Let t be 27/12*16/(-3). Let y be 3*10*(-2)/t. Let h(w) = w**3 - 5*w**2 + 6*w - 5. Calculate the remainder when h(y) is divided by 15.
10
Calculate the remainder when (-41 - -172) + (0 - -5) + 1 is divided by 16.
9
Let n = -558 - -566. Calculate the remainder when 301 is divided by n.
5
Suppose -4 = -4*s + 4. Let q = s + 7. Suppose 4*d - 6 = -i + 7, 5*i - 35 = -5*d. What is the remainder when q is divided by i?
4
Let f be -1 + (-3 - -5 - -2). Suppose 44 = f*z - 37. What is the remainder when z is divided by 14?
13
Suppose -g - 8 = -5*g. Calculate the remainder when (1 - -56)*(10/(-6) + g) is divided by 11.
8
Let s be 4/14 - 8/28. Suppose -o = -s - 40. What is the remainder when o is divided by 21?
19
Suppose -3*w = u - 92, -3*w - 4*u + 9*u = -116. Let q(f) = 8 - 3*f + f**2 + 1 - 3*f + 1. Calculate the remainder when w is divided by q(7).
15
Let f(t) = 3*t**2 - 8*t - 8. Let y = 16 + -12. Calculate the remainder when 14 is divided by f(y).
6
Suppose -b + 3*c = -37, 2*c - 4 = 3*b - 87. Suppose 14*z - 15*z = -b. What is the remainder when 47 is divided by z?
22
Let q = 94 - -48. Let b = -94 + q. What is the remainder when b is divided by 17?
14
Suppose -4*r = -9*r + 15, 5*q - 42 = -4*r. What is the remainder when -5 + 12 - 6 - (-28 + -1) is divided by 32/3 - (-2)/q?
8
Let q(t) = -t**3 - t**2 + 3*t + 3. Let x be q(-3). What is the remainder when (-7)/((-42)/60) - 5 is divided by 3/x - (-7)/4?
1
Suppose 54 = 2*i - 5*u, 4*i + 0*i + 3*u = 56. Let s = 422 - 356. What is the remainder when s is divided by i?
15
Let f(c) = c**3 - 18*c**2 - 20*c + 28. Let b be f(19). Suppose -27 + 414 = b*k. What is the remainder when k is divided by 5?
3
Let q = -3 + 11. Let w be (12/(-10))/((-11)/(-110)). Let c = 32 + w. What is the remainder when c is divided by q?
4
Let l = 834 - 797. What is the remainder when 774 is divided by l?
34
Suppose -24*h + 125 + 115 = 0. Calculate the remainder when 878 is divided by h.
8
Suppose -11 + 57 = 2*p. Suppose -470*z - 534 = -476*z. Calculate the remainder when z is divided by p.
20
Let a(p) = p**2 + 12*p - 362. What is the remainder when a(18) is divided by 15?
13
Suppose 5*h - 35 = -4*v, -h + 4*h = -5*v + 47. Suppose 20*o = 15*o - 55. Calculate the remainder when v is divided by (-2)/(-4) - o/2.
4
Let z = -20 - -39. What is the remainder when (-20)/5 - (4 - 100) is divided by z?
16
Suppose -3*y - 9 = -0*y, 2*p - 8 = -4*y. Let j = p + -6. What is the remainder when j is divided by 2?
0
What is the remainder when 101 is divided by 15 + (-5 - 12/4)?
3
Let v(h) = h**2 - 4*h + 12. Suppose -4*a - 1 = 3*d - 6, 4*d - 3*a = 40. What is the remainder when v(6) is divided by d?
3
Let z = -13 - -22. Let f = -61 + 93. Suppose -2*t = -16 - f. Calculate the remainder when t is divided by z.
6
Let w be (2 + 0)/(4/8). Suppose -3*m = -3*l - 86 - 121, w = 4*l. Calculate the remainder when m is divided by 18.
16
Suppose 0 = 35*w - 2812 - 898. Calculate the remainder when w is divided by (-910)/(-25) - (-2)/(-5).
34
Suppose -11*k - 88 = -275. Let u = 220 - 136. Calculate the remainder when u is divided by k.
16
Suppose -15*o - 1530 = -5085. What is the remainder when o is divided by 17?
16
Let i(h) = -h + 9. Let q be 0 + -2 + 0 - -11. Let r be i(q). Suppose r*p = -2*p + 136. Calculate the remainder when p is divided by 14.
12
Let a = -619 - -1129. What is the remainder when a is divided by 32?
30
Let a be (-2)/(-1)*66/(-4). Let f = 56 + a. What is the remainder when 65 is divided by f?
19
Suppose 3*t - 67 = 26. Let d = t - 7. What is the remainder when 71 is divided by d?
23
Suppose 19 = 5*d + 9. Suppose d*p = 3*n + 1, 2*p - 47 = -2*p - 3*n. Calculate the remainder when 23 is divided by p.
7
Suppose -447 = 4*c + 5*o, 2*o - 447 = 3*c - 129. Let y be (3/2)/((-18)/c). Let n = 6 + y. Calculate the remainder when n is divided by 4.
3
Suppose -4*c = 22*c - 1404. What is the remainder when 106 is divided by c?
52
Let c = -10 + 6. Let o be 0/(-1) - 2 - c. Suppose 2*y - o*l - 84 = 2*l, -168 = -5*y - 4*l. What is the remainder when y is divided by 13?
10
Let p(l) = -75*l**3 - l**2. Let j(t) = -2*t**2 + 108*t + 16. Calculate the remainder when p(-1) is divided by j(54).
10
Let v(z) be the second derivative of z**4/4 - 3*z. What is the remainder when v(-5) is divided by 11?
9
Let l(m) = -m**2 + m + 2. Let d be 6/(-5)*(-160)/3. Let b = d - 59. Calculate the remainder when b is divided by l(0).
1
Suppose 4*a = 5*a - 2. Suppose 22 = 4*d - a. What is the remainder when 25 + (4 - 5) + -2 is divided by d?
4
Suppose 0 = -7*r + 18 + 38. Suppose w - 3*v = -3, -25 = -5*v - 10. What is the remainder when (-1 + 4)*28/w is divided by r?
6
Let c be 11/4 - (-4)/16. Suppose 0 = 4*q + 2*u - 220, 0*q = -2*q - 3*u + 118. Calculate the remainder when q is divided by 23 - c - 2*1.
17
Suppose 9614 = 1618*v - 1599*v. What is the remainder when v is divided by 128?
122
Let d = 127 - 106. Let i(h) = 12*h**3 - h**2 - h + 1. Suppose -4*u - 15 = 5*v, -3*v + v + 5*u = -27. Calculate the remainder when d is divided by i(v).
10
Let z = 37 - 26. Let a be (4 - 2)*(2 + 0 + 12). Suppose 2*x - 14 = -f, -4*f + 0*f = x - a. Calculate the remainder when z is divided by f.
5
Let b(x) = -x**2 - 22*x + 32. Let k be b(-20). Suppose -k = -4*r - 5*j + 3, 0 = -2*r - j + 39. What is the remainder when 54 is divided by r?
14
Calculate the remainder when 74 is divided by 768/40 + (-1)/5.
17
Let d(w) be the first derivative of -w**3/3 + 5*w**2/2 + 2*w - 4. Calculate the remainder when 27 is divided by d(4).
3
What is the remainder when 63 is divided by -21*(33/(-7) + 3)?
27
Let v be (-5)/(75/(-6)) + 39/15. Suppose -v*h - 2*h = -335. Calculate the remainder when h is divided by 14.
11
Let d be -56 - (9/(-3) - -1). Let b = -32 - d. Calculate the remainder when (-8)/((-16)/10)*17 is divided by b.
19
Let f(w) = -3*w - 6. Let x(y) = -6*y - 12. Let g(b) = -11*f(b) + 6*x(b). Calculate the remainder when 33 is divided by g(-5).
6
Let l(k) = -k**3 + 3*k**2 + 23*k - 34. What is the remainder when 122 is divided by l(5)?
29
Suppose -m + 5 + 50 = 5*i, 4*m + 33 = 3*i. Calculate the remainder when 382 is divided by i.
8
Suppose -4*a = 2*d - 164, -d + 5*a - 37 + 140 = 0. What is the remainder when d is divided by 37?
14
Suppose 10*r + 19 = -331. Let w = -3